


{"id":1142,"date":"2025-05-27T10:33:26","date_gmt":"2025-05-27T14:33:26","guid":{"rendered":"https:\/\/fuego.jorgearancibia.com\/?post_type=manifesto_portfolio&#038;p=1142"},"modified":"2025-06-24T22:36:37","modified_gmt":"2025-06-25T02:36:37","slug":"anda-60-anos","status":"publish","type":"manifesto_portfolio","link":"https:\/\/www.fuegocompany.com\/en\/casos\/anda-60-anos\/","title":{"rendered":"ANDA"},"content":{"rendered":"\n<div class=\"wp-block-manifesto-gutenberg-container content-row dark-section small row_padding_top row_padding_bottom\" data-bgcolor=\"#000000\" style=\"text-align:left\">\n<div class=\"wp-block-columns is-layout-flex wp-container-core-columns-is-layout-9d6595d7 wp-block-columns-is-layout-flex\">\n<div class=\"wp-block-column is-layout-flow wp-block-column-is-layout-flow\" style=\"flex-basis:33.33%\">\n<p class=\"has-mask-fill no-margins\">BRANDING<\/p>\n\n\n\n<p class=\"has-mask-fill no-margins\">MOTION<\/p>\n\n\n\n<p class=\"has-mask-fill no-margins\">DISE\u00d1O<\/p>\n\n\n\n<p class=\"has-mask-fill no-margins\"><\/p>\n<\/div>\n\n\n\n<div class=\"wp-block-column is-layout-flow wp-block-column-is-layout-flow\" style=\"flex-basis:66.66%\">\n<p class=\"has-opacity\">Hace m\u00e1s de 20 a\u00f1os que la asociaci\u00f3n no tocaba su identidad, pero desde el 2021 los acompa\u00f1amos en un proceso de transformaci\u00f3n profunda que hicieron en toda la asociaci\u00f3n. Este rebranding que hicimos fue una parte importante para que la industria los comenzara a ver de manera distinta hasta llegar a la valoraci\u00f3n que tienen hoy.<\/p>\n<\/div>\n<\/div>\n<\/div>\n\n\n\n<div class=\"wp-block-manifesto-gutenberg-container content-row dark-section full\" data-bgcolor=\"#000000\" style=\"text-align:left\">\n<div class=\"wp-block-manifesto-gutenberg-scrolling-panels panels\" data-widthratio=\"0.9\"><div class=\"panels-container\">\n<div class=\"panel\"><img decoding=\"async\" src=\"https:\/\/www.fuegocompany.com\/wp-content\/uploads\/2025\/05\/ANDA-ID-2021-OK-FINAL-cs6-20-scaled.webp\" alt=\"\" \/><\/div>\n\n\n\n<div class=\"panel\"><img decoding=\"async\" src=\"https:\/\/www.fuegocompany.com\/wp-content\/uploads\/2025\/05\/ANDA-ID-2021-OK-FINAL-cs6-09-scaled.webp\" alt=\"\" \/><\/div>\n\n\n\n<div class=\"panel\"><img decoding=\"async\" src=\"https:\/\/www.fuegocompany.com\/wp-content\/uploads\/2025\/05\/PEIZSD1-scaled.webp\" alt=\"\" \/><\/div>\n\n\n\n<div class=\"panel\"><img decoding=\"async\" src=\"https:\/\/www.fuegocompany.com\/wp-content\/uploads\/2025\/05\/ANDA-ID-2021-OK-FINAL-cs6-33-scaled.webp\" alt=\"\" \/><\/div>\n\n\n\n<div class=\"panel\"><img decoding=\"async\" src=\"https:\/\/www.fuegocompany.com\/wp-content\/uploads\/2025\/05\/65975-scaled.webp\" alt=\"\" \/><\/div>\n<\/div><\/div>\n<\/div>\n\n\n\n<div class=\"wp-block-manifesto-gutenberg-container content-row dark-section normal row_padding_top row_padding_bottom has-animation\" data-bgcolor=\"#000000\" style=\"text-align:left\">\n<figure class=\" \"><a class=\"video-link\" href=\"https:\/\/vimeo.com\/795646833\" target=\"_blank\" rel=\"noopener\"><img decoding=\"async\" src=\"https:\/\/www.fuegocompany.com\/wp-content\/uploads\/2025\/05\/Captura-de-pantalla-2025-06-24-a-la_s_-6.20.16\u202fp.m.webp\" alt=\"\" \/><\/a><\/figure>\n<\/div>\n\n\n\n<div class=\"wp-block-manifesto-gutenberg-container content-row dark-section small row_padding_top row_padding_bottom has-clip-path\" data-bgcolor=\"#000000\" style=\"text-align:left\">\n<h4 class=\"wp-block-heading has-text-align-left\">Branding<\/h4>\n\n\n\n<p class=\"has-text-align-left\"><span class=\"has-mask-fill\">Primero buscamos rescatar la esencia de la identidad hist\u00f3rica de la asociaci\u00f3n, pero darle un look contempor\u00e1neo y cl\u00e1sico, que se mantenga vigente otros largos a\u00f1os. Esta nueva identidad visti\u00f3 su principal canal de comunicaci\u00f3n, la revista Marcas y Marketing, tambi\u00e9n uno de los medios especializados m\u00e1s valorados en la industria. Finalmente el 2024, trabajamos en la identidad que conmemora los 60 a\u00f1os de historia de la asociaci\u00f3n.<\/span><\/p>\n<\/div>\n\n\n\n<div class=\"wp-block-manifesto-gutenberg-container content-row light-section full\" data-bgcolor=\"#000000\" style=\"text-align:left\">\n<div class=\"wp-block-manifesto-gutenberg-moving-gallery moving-gallery fw-gallery\"><ul class=\"wrapper-gallery\">\n<li><img decoding=\"async\" src=\"https:\/\/www.fuegocompany.com\/wp-content\/uploads\/2025\/05\/Webinars-ANDA-2021-2-scaled.webp\" alt=\"\" \/><\/li>\n\n\n\n<li><img decoding=\"async\" src=\"https:\/\/www.fuegocompany.com\/wp-content\/uploads\/2025\/05\/ANDA-Hall-scaled.webp\" alt=\"\" \/><\/li>\n\n\n\n<li><img decoding=\"async\" src=\"https:\/\/www.fuegocompany.com\/wp-content\/uploads\/2025\/05\/Branding-Stationery-Mockup-Vol.6-scaled.webp\" alt=\"\" \/><\/li>\n\n\n\n<li><img decoding=\"async\" src=\"https:\/\/www.fuegocompany.com\/wp-content\/uploads\/2025\/05\/g4-1.webp\" alt=\"\" \/><\/li>\n\n\n\n<li><img decoding=\"async\" src=\"https:\/\/www.fuegocompany.com\/wp-content\/uploads\/2025\/05\/ANDA-60-ANOS-ID-2024-18-2.gif\" alt=\"\" \/><\/li>\n\n\n\n<li><img decoding=\"async\" src=\"https:\/\/www.fuegocompany.com\/wp-content\/uploads\/2025\/05\/01.-Balanza-scaled.gif\" alt=\"\" \/><\/li>\n<\/ul><\/div>\n\n\n\n<div class=\"wp-block-manifesto-gutenberg-moving-gallery moving-gallery bw-gallery\"><ul class=\"wrapper-gallery\">\n<li><img decoding=\"async\" src=\"https:\/\/www.fuegocompany.com\/wp-content\/uploads\/2025\/05\/BOT-ANDA-60-5.webp\" alt=\"\" \/><\/li>\n\n\n\n<li><img decoding=\"async\" src=\"https:\/\/www.fuegocompany.com\/wp-content\/uploads\/2025\/05\/Logo_60_clean.gif\" alt=\"\" \/><\/li>\n\n\n\n<li><img decoding=\"async\" src=\"https:\/\/www.fuegocompany.com\/wp-content\/uploads\/2025\/05\/BOT-ANDA-60-4.webp\" alt=\"\" \/><\/li>\n\n\n\n<li><img decoding=\"async\" src=\"https:\/\/www.fuegocompany.com\/wp-content\/uploads\/2025\/05\/Premio-ANDA.webp\" alt=\"\" \/><\/li>\n\n\n\n<li><img decoding=\"async\" src=\"https:\/\/www.fuegocompany.com\/wp-content\/uploads\/2025\/05\/Sala-ANDA-scaled.webp\" alt=\"\" \/><\/li>\n<\/ul><\/div>\n<\/div>\n\n\n\n<div class=\"wp-block-manifesto-gutenberg-container content-row dark-section small row_padding_top row_padding_bottom\" data-bgcolor=\"#000000\" style=\"text-align:left\">\n<h4 class=\"wp-block-heading has-text-align-left\">Desarrollo<\/h4>\n\n\n\n<p class=\"has-text-align-left\"><span class=\"has-mask-fill\">Para este \u00faltimo hito, desarrollamos una campa\u00f1a que comunicaba los principales pilares estrat\u00e9gicos de la asociaci\u00f3n y de paso, instalamos un claim que empez\u00f3 a escalar en relevancia &#8220;La casa de los avisadores&#8221;. La ANDA es la asociaci\u00f3n m\u00e1s valorada en la industria, porque es el lugar donde se unen todos los marketeros, a partir de ah\u00ed surge el call to action &#8220;el marketing nos une, \u00fanete a la anda&#8221; como una manera de capitalizar esta valoraci\u00f3n en una oportunidad de captaci\u00f3n de nuevos socios.<\/span><\/p>\n<\/div>\n\n\n\n<div class=\"wp-block-manifesto-gutenberg-container content-row dark-section normal row_padding_top row_padding_bottom has-animation\" data-bgcolor=\"#000000\" style=\"text-align:left\">\n<figure class=\" \"><a class=\"video-link\" href=\"https:\/\/vimeo.com\/996363310\" target=\"_blank\" rel=\"noopener\"><img decoding=\"async\" src=\"https:\/\/www.fuegocompany.com\/wp-content\/uploads\/2025\/05\/Captura-de-pantalla-2025-06-24-a-la_s_-7.44.49\u202fp.m.webp\" alt=\"\" \/><\/a><\/figure>\n<\/div>\n\n\n\n<div class=\"wp-block-manifesto-gutenberg-container content-row dark-section full\" data-bgcolor=\"#000000\" style=\"text-align:left\">\n<div class=\"wp-block-manifesto-gutenberg-moving-gallery moving-gallery fw-gallery\"><ul class=\"wrapper-gallery\">\n<li><img decoding=\"async\" src=\"https:\/\/www.fuegocompany.com\/wp-content\/uploads\/2025\/05\/1-2.webp\" alt=\"\" \/><\/li>\n\n\n\n<li><img decoding=\"async\" src=\"https:\/\/www.fuegocompany.com\/wp-content\/uploads\/2025\/05\/BOT-ANDA-60-7.webp\" alt=\"\" \/><\/li>\n\n\n\n<li><img decoding=\"async\" src=\"https:\/\/www.fuegocompany.com\/wp-content\/uploads\/2025\/05\/01.-Balanza-1.gif\" alt=\"\" \/><\/li>\n\n\n\n<li><img decoding=\"async\" src=\"https:\/\/www.fuegocompany.com\/wp-content\/uploads\/2025\/05\/BOT-ANDA-60-3.webp\" alt=\"\" \/><\/li>\n\n\n\n<li><img decoding=\"async\" src=\"https:\/\/www.fuegocompany.com\/wp-content\/uploads\/2025\/05\/Explo_Marca03.gif\" alt=\"\" \/><\/li>\n\n\n\n<li><img decoding=\"async\" src=\"https:\/\/www.fuegocompany.com\/wp-content\/uploads\/2025\/05\/11-1.webp\" alt=\"\" \/><\/li>\n<\/ul><\/div>\n\n\n\n<div class=\"wp-block-manifesto-gutenberg-moving-gallery moving-gallery bw-gallery\"><ul class=\"wrapper-gallery\">\n<li><img decoding=\"async\" src=\"https:\/\/www.fuegocompany.com\/wp-content\/uploads\/2025\/05\/ANDA-60-ANOS-ID-2024-47.webp\" alt=\"\" \/><\/li>\n\n\n\n<li><img decoding=\"async\" src=\"https:\/\/www.fuegocompany.com\/wp-content\/uploads\/2025\/05\/BOT-ANDA-60-1.webp\" alt=\"\" \/><\/li>\n\n\n\n<li><img decoding=\"async\" src=\"https:\/\/www.fuegocompany.com\/wp-content\/uploads\/2025\/05\/ANDA-60-ANOS-LOGOTIPO-2024-08-scaled.gif\" alt=\"\" \/><\/li>\n\n\n\n<li><img decoding=\"async\" src=\"https:\/\/www.fuegocompany.com\/wp-content\/uploads\/2025\/05\/9-1.webp\" alt=\"\" \/><\/li>\n\n\n\n<li><img decoding=\"async\" src=\"https:\/\/www.fuegocompany.com\/wp-content\/uploads\/2025\/05\/10-1.webp\" alt=\"\" \/><\/li>\n<\/ul><\/div>\n<\/div>\n\n\n\n<div class=\"wp-block-manifesto-gutenberg-container content-row dark-section small row_padding_top row_padding_bottom has-animation\" data-bgcolor=\"#000000\" style=\"text-align:left\">\n<div class=\"wp-block-columns is-layout-flex wp-container-core-columns-is-layout-9d6595d7 wp-block-columns-is-layout-flex\">\n<div class=\"wp-block-column is-layout-flow wp-block-column-is-layout-flow\">\n<h3 class=\"wp-block-heading has-mask-fill block-title\"><\/h3>\n\n\n\n<p class=\"has-text-align-center has-opacity has-large-font-size\">Una identidad que no se tocaba hace m\u00e1s de 20 a\u00f1os, culmin\u00f3 con un proceso de rebranding que incluy\u00f3 el redise\u00f1o completo de un medio de comunicaci\u00f3n, una campa\u00f1a para celebrar los 60 a\u00f1os de historia y el hito de ser la asociaci\u00f3n m\u00e1s valorada de la industria chilena.<\/p>\n<\/div>\n<\/div>\n<\/div>\n\n\n\n<div class=\"wp-block-manifesto-gutenberg-container content-row dark-section full\" data-bgcolor=\"#171717\" style=\"text-align:left\">\n<figure class=\"wp-block-manifesto-gutenberg-parallax-image has-parallax has-parallax-content\" data-delay=\"0\"><img decoding=\"async\" src=\"https:\/\/www.fuegocompany.com\/wp-content\/uploads\/2025\/05\/portada_gif.gif\" alt=\"\"\/><div class=\"parallax-image-content content-full-width text-align-left\"><div class=\"outer\"><div class=\"inner\">\n<div class=\"wp-block-columns is-layout-flex wp-container-core-columns-is-layout-9d6595d7 wp-block-columns-is-layout-flex\">\n<div class=\"wp-block-column is-layout-flow wp-block-column-is-layout-flow\">\n<h2 class=\"wp-block-heading\"><\/h2>\n<\/div>\n\n\n\n<div class=\"wp-block-column is-layout-flow wp-block-column-is-layout-flow\">\n<h2 class=\"wp-block-heading has-mask-fill\"><\/h2>\n<\/div>\n<\/div>\n<\/div><\/div><\/div><\/figure>\n<\/div>\n\n\n\n<div class=\"wp-block-manifesto-gutenberg-container content-row light-section small row_padding_top row_padding_bottom change-header-color\" data-bgcolor=\"#ffffff\" style=\"text-align:left\">\n<h4 class=\"wp-block-heading has-text-align-left has-black-color has-text-color has-link-color has-large-font-size wp-elements-6b29f4405a80696f4db3ed28c955bab8\">El Resultado<\/h4>\n\n\n\n<p class=\"has-text-align-left has-black-color has-text-color has-link-color wp-elements-272dd0292f40696bfdb95a61e2b09768\"><span class=\"has-mask-fill\">Gracias a este trabajo de rebranding la ANDA pudo consolidar su proceso de transformaci\u00f3n, mejorando su percepci\u00f3n y valoraci\u00f3n de marca, posicion\u00e1ndose como la asociaci\u00f3n m\u00e1s valorada y como el medio de comunicaci\u00f3n m\u00e1s respetado de la industria, adem\u00e1s de levantar sus cifras de captaci\u00f3n de nuevos socios<\/span>. <\/p>\n<\/div>\n\n\n\n<div class=\"wp-block-manifesto-gutenberg-container content-row dark-section full has-clip-path\" data-bgcolor=\"#ffffff\" style=\"text-align:left\">\n<figure class=\"wp-block-manifesto-gutenberg-parallax-image has-parallax has-parallax-content has-animation\" data-delay=\"0\"><img decoding=\"async\" src=\"https:\/\/www.fuegocompany.com\/wp-content\/uploads\/2025\/05\/portada_revista.webp\" alt=\"\"\/><div class=\"parallax-image-content content-full-width text-align-center\"><div class=\"outer\"><div class=\"inner\"><\/div><\/div><\/div><\/figure>\n<\/div>\n","protected":false},"template":"","portfolio_category":[8,34,12],"class_list":["post-1142","manifesto_portfolio","type-manifesto_portfolio","status-publish","hentry","portfolio_category-diseno","portfolio_category-3d","portfolio_category-branding"],"translation":{"provider":"WPGlobus","version":"3.0.2","language":"en","enabled_languages":["es","en"],"languages":{"es":{"title":true,"content":true,"excerpt":false},"en":{"title":false,"content":false,"excerpt":false}}},"acf":[],"_links":{"self":[{"href":"https:\/\/www.fuegocompany.com\/en\/wp-json\/wp\/v2\/manifesto_portfolio\/1142","targetHints":{"allow":["GET"]}}],"collection":[{"href":"https:\/\/www.fuegocompany.com\/en\/wp-json\/wp\/v2\/manifesto_portfolio"}],"about":[{"href":"https:\/\/www.fuegocompany.com\/en\/wp-json\/wp\/v2\/types\/manifesto_portfolio"}],"wp:attachment":[{"href":"https:\/\/www.fuegocompany.com\/en\/wp-json\/wp\/v2\/media?parent=1142"}],"wp:term":[{"taxonomy":"portfolio_category","embeddable":true,"href":"https:\/\/www.fuegocompany.com\/en\/wp-json\/wp\/v2\/portfolio_category?post=1142"}],"curies":[{"name":"wp","href":"https:\/\/api.w.org\/{rel}","templated":true}]}}

<div class="wp-block-manifesto-gutenberg-container content-row dark-section small row_padding_top row_padding_bottom" data-bgcolor="#000000" style="text-align:left">
<div class="wp-block-columns is-layout-flex wp-container-core-columns-is-layout-9d6595d7 wp-block-columns-is-layout-flex">
<div class="wp-block-column is-layout-flow wp-block-column-is-layout-flow" style="flex-basis:33.33%">
<p class="has-mask-fill no-margins">BRANDING</p>



<p class="has-mask-fill no-margins">MOTION</p>



<p class="has-mask-fill no-margins">DISEÑO</p>



<p class="has-mask-fill no-margins"></p>
</div>



<div class="wp-block-column is-layout-flow wp-block-column-is-layout-flow" style="flex-basis:66.66%">
<p class="has-opacity">Hace más de 20 años que la asociación no tocaba su identidad, pero desde el 2021 los acompañamos en un proceso de transformación profunda que hicieron en toda la asociación. Este rebranding que hicimos fue una parte importante para que la industria los comenzara a ver de manera distinta hasta llegar a la valoración que tienen hoy.</p>
</div>
</div>
</div>



<div class="wp-block-manifesto-gutenberg-container content-row dark-section full" data-bgcolor="#000000" style="text-align:left">
<div class="wp-block-manifesto-gutenberg-scrolling-panels panels" data-widthratio="0.9"><div class="panels-container">
<div class="panel"><img decoding="async" src="https://www.fuegocompany.com/wp-content/uploads/2025/05/ANDA-ID-2021-OK-FINAL-cs6-20-scaled.webp" alt="" /></div>



<div class="panel"><img decoding="async" src="https://www.fuegocompany.com/wp-content/uploads/2025/05/ANDA-ID-2021-OK-FINAL-cs6-09-scaled.webp" alt="" /></div>



<div class="panel"><img decoding="async" src="https://www.fuegocompany.com/wp-content/uploads/2025/05/PEIZSD1-scaled.webp" alt="" /></div>



<div class="panel"><img decoding="async" src="https://www.fuegocompany.com/wp-content/uploads/2025/05/ANDA-ID-2021-OK-FINAL-cs6-33-scaled.webp" alt="" /></div>



<div class="panel"><img decoding="async" src="https://www.fuegocompany.com/wp-content/uploads/2025/05/65975-scaled.webp" alt="" /></div>
</div></div>
</div>



<div class="wp-block-manifesto-gutenberg-container content-row dark-section normal row_padding_top row_padding_bottom has-animation" data-bgcolor="#000000" style="text-align:left">
<figure class=" "><a class="video-link" href="https://vimeo.com/795646833" target="_blank" rel="noopener"><img decoding="async" src="https://www.fuegocompany.com/wp-content/uploads/2025/05/Captura-de-pantalla-2025-06-24-a-la_s_-6.20.16 p.m.webp" alt="" /></a></figure>
</div>



<div class="wp-block-manifesto-gutenberg-container content-row dark-section small row_padding_top row_padding_bottom has-clip-path" data-bgcolor="#000000" style="text-align:left">
<h4 class="wp-block-heading has-text-align-left">Branding</h4>



<p class="has-text-align-left"><span class="has-mask-fill">Primero buscamos rescatar la esencia de la identidad histórica de la asociación, pero darle un look contemporáneo y clásico, que se mantenga vigente otros largos años. Esta nueva identidad vistió su principal canal de comunicación, la revista Marcas y Marketing, también uno de los medios especializados más valorados en la industria. Finalmente el 2024, trabajamos en la identidad que conmemora los 60 años de historia de la asociación.</span></p>
</div>



<div class="wp-block-manifesto-gutenberg-container content-row light-section full" data-bgcolor="#000000" style="text-align:left">
<div class="wp-block-manifesto-gutenberg-moving-gallery moving-gallery fw-gallery"><ul class="wrapper-gallery">
<li><img decoding="async" src="https://www.fuegocompany.com/wp-content/uploads/2025/05/Webinars-ANDA-2021-2-scaled.webp" alt="" /></li>



<li><img decoding="async" src="https://www.fuegocompany.com/wp-content/uploads/2025/05/ANDA-Hall-scaled.webp" alt="" /></li>



<li><img decoding="async" src="https://www.fuegocompany.com/wp-content/uploads/2025/05/Branding-Stationery-Mockup-Vol.6-scaled.webp" alt="" /></li>



<li><img decoding="async" src="https://www.fuegocompany.com/wp-content/uploads/2025/05/g4-1.webp" alt="" /></li>



<li><img decoding="async" src="https://www.fuegocompany.com/wp-content/uploads/2025/05/ANDA-60-ANOS-ID-2024-18-2.gif" alt="" /></li>



<li><img decoding="async" src="https://www.fuegocompany.com/wp-content/uploads/2025/05/01.-Balanza-scaled.gif" alt="" /></li>
</ul></div>



<div class="wp-block-manifesto-gutenberg-moving-gallery moving-gallery bw-gallery"><ul class="wrapper-gallery">
<li><img decoding="async" src="https://www.fuegocompany.com/wp-content/uploads/2025/05/BOT-ANDA-60-5.webp" alt="" /></li>



<li><img decoding="async" src="https://www.fuegocompany.com/wp-content/uploads/2025/05/Logo_60_clean.gif" alt="" /></li>



<li><img decoding="async" src="https://www.fuegocompany.com/wp-content/uploads/2025/05/BOT-ANDA-60-4.webp" alt="" /></li>



<li><img decoding="async" src="https://www.fuegocompany.com/wp-content/uploads/2025/05/Premio-ANDA.webp" alt="" /></li>



<li><img decoding="async" src="https://www.fuegocompany.com/wp-content/uploads/2025/05/Sala-ANDA-scaled.webp" alt="" /></li>
</ul></div>
</div>



<div class="wp-block-manifesto-gutenberg-container content-row dark-section small row_padding_top row_padding_bottom" data-bgcolor="#000000" style="text-align:left">
<h4 class="wp-block-heading has-text-align-left">Desarrollo</h4>



<p class="has-text-align-left"><span class="has-mask-fill">Para este último hito, desarrollamos una campaña que comunicaba los principales pilares estratégicos de la asociación y de paso, instalamos un claim que empezó a escalar en relevancia &#8220;La casa de los avisadores&#8221;. La ANDA es la asociación más valorada en la industria, porque es el lugar donde se unen todos los marketeros, a partir de ahí surge el call to action &#8220;el marketing nos une, únete a la anda&#8221; como una manera de capitalizar esta valoración en una oportunidad de captación de nuevos socios.</span></p>
</div>



<div class="wp-block-manifesto-gutenberg-container content-row dark-section normal row_padding_top row_padding_bottom has-animation" data-bgcolor="#000000" style="text-align:left">
<figure class=" "><a class="video-link" href="https://vimeo.com/996363310" target="_blank" rel="noopener"><img decoding="async" src="https://www.fuegocompany.com/wp-content/uploads/2025/05/Captura-de-pantalla-2025-06-24-a-la_s_-7.44.49 p.m.webp" alt="" /></a></figure>
</div>



<div class="wp-block-manifesto-gutenberg-container content-row dark-section full" data-bgcolor="#000000" style="text-align:left">
<div class="wp-block-manifesto-gutenberg-moving-gallery moving-gallery fw-gallery"><ul class="wrapper-gallery">
<li><img decoding="async" src="https://www.fuegocompany.com/wp-content/uploads/2025/05/1-2.webp" alt="" /></li>



<li><img decoding="async" src="https://www.fuegocompany.com/wp-content/uploads/2025/05/BOT-ANDA-60-7.webp" alt="" /></li>



<li><img decoding="async" src="https://www.fuegocompany.com/wp-content/uploads/2025/05/01.-Balanza-1.gif" alt="" /></li>



<li><img decoding="async" src="https://www.fuegocompany.com/wp-content/uploads/2025/05/BOT-ANDA-60-3.webp" alt="" /></li>



<li><img decoding="async" src="https://www.fuegocompany.com/wp-content/uploads/2025/05/Explo_Marca03.gif" alt="" /></li>



<li><img decoding="async" src="https://www.fuegocompany.com/wp-content/uploads/2025/05/11-1.webp" alt="" /></li>
</ul></div>



<div class="wp-block-manifesto-gutenberg-moving-gallery moving-gallery bw-gallery"><ul class="wrapper-gallery">
<li><img decoding="async" src="https://www.fuegocompany.com/wp-content/uploads/2025/05/ANDA-60-ANOS-ID-2024-47.webp" alt="" /></li>



<li><img decoding="async" src="https://www.fuegocompany.com/wp-content/uploads/2025/05/BOT-ANDA-60-1.webp" alt="" /></li>



<li><img decoding="async" src="https://www.fuegocompany.com/wp-content/uploads/2025/05/ANDA-60-ANOS-LOGOTIPO-2024-08-scaled.gif" alt="" /></li>



<li><img decoding="async" src="https://www.fuegocompany.com/wp-content/uploads/2025/05/9-1.webp" alt="" /></li>



<li><img decoding="async" src="https://www.fuegocompany.com/wp-content/uploads/2025/05/10-1.webp" alt="" /></li>
</ul></div>
</div>



<div class="wp-block-manifesto-gutenberg-container content-row dark-section small row_padding_top row_padding_bottom has-animation" data-bgcolor="#000000" style="text-align:left">
<div class="wp-block-columns is-layout-flex wp-container-core-columns-is-layout-9d6595d7 wp-block-columns-is-layout-flex">
<div class="wp-block-column is-layout-flow wp-block-column-is-layout-flow">
<h3 class="wp-block-heading has-mask-fill block-title"></h3>



<p class="has-text-align-center has-opacity has-large-font-size">Una identidad que no se tocaba hace más de 20 años, culminó con un proceso de rebranding que incluyó el rediseño completo de un medio de comunicación, una campaña para celebrar los 60 años de historia y el hito de ser la asociación más valorada de la industria chilena.</p>
</div>
</div>
</div>



<div class="wp-block-manifesto-gutenberg-container content-row dark-section full" data-bgcolor="#171717" style="text-align:left">
<figure class="wp-block-manifesto-gutenberg-parallax-image has-parallax has-parallax-content" data-delay="0"><img decoding="async" src="https://www.fuegocompany.com/wp-content/uploads/2025/05/portada_gif.gif" alt=""/><div class="parallax-image-content content-full-width text-align-left"><div class="outer"><div class="inner">
<div class="wp-block-columns is-layout-flex wp-container-core-columns-is-layout-9d6595d7 wp-block-columns-is-layout-flex">
<div class="wp-block-column is-layout-flow wp-block-column-is-layout-flow">
<h2 class="wp-block-heading"></h2>
</div>



<div class="wp-block-column is-layout-flow wp-block-column-is-layout-flow">
<h2 class="wp-block-heading has-mask-fill"></h2>
</div>
</div>
</div></div></div></figure>
</div>



<div class="wp-block-manifesto-gutenberg-container content-row light-section small row_padding_top row_padding_bottom change-header-color" data-bgcolor="#ffffff" style="text-align:left">
<h4 class="wp-block-heading has-text-align-left has-black-color has-text-color has-link-color has-large-font-size wp-elements-6b29f4405a80696f4db3ed28c955bab8">El Resultado</h4>



<p class="has-text-align-left has-black-color has-text-color has-link-color wp-elements-272dd0292f40696bfdb95a61e2b09768"><span class="has-mask-fill">Gracias a este trabajo de rebranding la ANDA pudo consolidar su proceso de transformación, mejorando su percepción y valoración de marca, posicionándose como la asociación más valorada y como el medio de comunicación más respetado de la industria, además de levantar sus cifras de captación de nuevos socios</span>. </p>
</div>



<div class="wp-block-manifesto-gutenberg-container content-row dark-section full has-clip-path" data-bgcolor="#ffffff" style="text-align:left">
<figure class="wp-block-manifesto-gutenberg-parallax-image has-parallax has-parallax-content has-animation" data-delay="0"><img decoding="async" src="https://www.fuegocompany.com/wp-content/uploads/2025/05/portada_revista.webp" alt=""/><div class="parallax-image-content content-full-width text-align-center"><div class="outer"><div class="inner"></div></div></div></figure>
</div>
